081837 a prime number?
False
Is 34965738671 prime?
False
Is 92661017089 a composite number?
False
Is 26724299471 a prime number?
False
Is 1968984481 a composite number?
False
Is 19712410049 prime?
False
Is 789651450799 a composite number?
False
Is 125598443977 composite?
False
Is 10253042449 prime?
False
Is 3199808209 composite?
True
Is 24435421 prime?
False
Is 23036843909 a composite number?
False
Is 20561367887 a composite number?
True
Is 6436858273 composite?
True
Is 53048082829 a composite number?
True
Is 61448729 a composite number?
False
Is 85835219 composite?
False
Is 547971339 a composite number?
True
Is 1728784697 composite?
False
Is 467620651 a composite number?
False
Is 1792652569 a composite number?
False
Is 48295176827 a prime number?
False
Is 1525336061 a prime number?
True
Is 9010429327 a composite number?
True
Is 2545468819 a composite number?
False
Is 7144890989 a prime number?
False
Is 1083429437 a composite number?
False
Is 3351623999 a composite number?
False
Is 10146965981 prime?
False
Is 2762716651 composite?
False
Is 55043814262 composite?
True
Is 6800255207 a prime number?
False
Is 159796875481 a composite number?
True
Is 1229080613 a prime number?
True
Is 11304098251 a composite number?
False
Is 19433164211 composite?
False
Is 1739739563 composite?
False
Is 69535600235 a composite number?
True
Is 71007899 a prime number?
False
Is 24154471349 prime?
False
Is 1385513291 a composite number?
False
Is 27065783633 a composite number?
True
Is 34289860313 a prime number?
True
Is 1914513845 a prime number?
False
Is 869058791 composite?
False
Is 308081867 composite?
True
Is 215059337 a composite number?
False
Is 9312778457 a composite number?
False
Is 53171128679 composite?
True
Is 1311997567 a prime number?
False
Is 1030017691 a prime number?
False
Is 842861651 prime?
True
Is 2486860549 a prime number?
False
Is 43594250873 composite?
False
Is 1589728289 a prime number?
True
Is 7605360439 composite?
True
Is 92161603 a composite number?
False
Is 1506933437 composite?
False
Is 2446836073 composite?
True
Is 216194832689 a composite number?
True
Is 2222691841 composite?
False
Is 349488107 composite?
True
Is 28107047279 prime?
True
Is 6038958997 a composite number?
False
Is 709378991 composite?
False
Is 4441443247 a composite number?
False
Is 2449531493 a composite number?
False
Is 1583816579 composite?
False
Is 5835563137 prime?
False
Is 13947676247 composite?
False
Is 67352291 composite?
True
Is 19108033457 a prime number?
True
Is 208360939 a composite number?
False
Is 3660632621 a composite number?
False
Is 3629919307 composite?
True
Is 5451253811 a prime number?
True
Is 11056255051 a prime number?
True
Is 6880706839 a composite number?
True
Is 24861585461 prime?
False
Is 1241658919 composite?
False
Is 5225400341 prime?
False
Is 37212683 composite?
False
Is 37286190311 a prime number?
False
Is 8574234379 prime?
True
Is 1497439829 a prime number?
True
Is 3821296981 prime?
False
Is 290186111 a prime number?
True
Is 68701750523 composite?
True
Is 14975054257 a prime number?
False
Is 17448476041 composite?
False
Is 3578800679 composite?
True
Is 299815127 prime?
True
Is 36766951139 a composite number?
True
Is 255405253 a prime number?
True
Is 839537917 a composite number?
False
Is 18461264827 composite?
True
Is 124610162359 a composite number?
False
Is 896673559 composite?
True
Is 14092371857 prime?
True
Is 412780119 a prime number?
False
Is 1597696409 a prime number?
False
Is 892482463 prime?
False
Is 360780143 a prime number?
True
Is 2771780393 prime?
False
Is 2049647261 prime?
False
Is 619359311 a prime number?
True
Is 1162737986 prime?
False
Is 9835650197 composite?
True
Is 784012577 prime?
False
Is 10900245677 a composite number?
True
Is 2151753559 a prime number?
True
Is 1079175121 composite?
True
Is 39550165651 composite?
True
Is 14932829033 a prime number?
True
Is 124859858413 a composite number?
False
Is 1070097661 prime?
True
Is 489696631 prime?
True
Is 2505729797 a prime number?
False
Is 10713039803 a composite number?
True
Is 776930507 composite?
False
Is 12144339833 composite?
False
Is 1078246381 prime?
True
Is 1327045133 a composite number?
True
Is 22814067469 a prime number?
True
Is 138349763839 composite?
True
Is 124651258903 prime?
False
Is 2570875007 composite?
True
Is 51721304017 a composite number?
False
Is 2194018423 prime?
True
Is 148370212751 a prime number?
False
Is 110077583905 a prime number?
False
Is 13618623917 prime?
True
Is 475935589 composite?
False
Is 133983527 composite?
False
Is 23946996401 a prime number?
True
Is 1338183383 a composite number?
True
Is 137424324733 composite?
False
Is 5464112117 prime?
True
Is 2177105423 prime?
True
Is 902473651 prime?
True
Is 642630839 a prime number?
True
Is 1722388079 a prime number?
True
Is 339817529 composite?
False
Is 16194749869 a composite number?
False
Is 116535821 composite?
False
Is 5097730643 composite?
False
Is 996588811 prime?
False
Is 665139929 composite?
True
Is 1160672767 a prime number?
False
Is 4096731239 prime?
True
Is 6270694891 a prime number?
True
Is 12969587 composite?
False
Is 4513865219 prime?
True
Is 275115749 a composite number?
True
Is 1780150445 a prime number?
False
Is 51324753353 a composite number?
True
Is 63589363 composite?
False
Is 27783996717 a composite number?
True
Is 21581039537 composite?
False
Is 593853451 a prime number?
False
Is 7772690227 prime?
True
Is 63386996821 a prime number?
True
Is 14494941271 a composite number?
True
Is 45285788131 a composite number?
True
Is 118667789 composite?
False
Is 93066621 composite?
True
Is 28774038115 prime?
False
Is 2492690143 a prime number?
False
Is 5334965171 prime?
True
Is 145720909 a prime number?
False
Is 1583258141 prime?
False
Is 8990294041 a composite number?
True
Is 527663077 a composite number?
False
Is 7761739309 prime?
False
Is 15314469077 a prime number?
True
Is 119093867 prime?
True
Is 8683548821 a composite number?
False
Is 27419979511 prime?
True
Is 82586929 composite?
False
Is 55604120069 a prime number?
True
Is 2720888359 a composite number?
True
Is 521569273 composite?
False
Is 6169777633 composite?
True
Is 4927283797 a prime number?
True
Is 36189168401 a prime number?
False
Is 348019949 composite?
True
Is 22766786899 composite?
False
Is 1068052499 prime?
True
Is 292126421 composite?
True
Is 8974553923 a composite number?
True
Is 15861117838 a prime number?
False
Is 87206111 composite?
True
Is 94957901 a composite number?
True
Is 11596251647 composite?
True
Is 6085781903 prime?
False
Is 1640066231 composite?
False
Is 57972174989 composite?
False
Is 28523931307 composite?
False
Is 30714197 a prime number?
True
Is 18679911941 a prime number?
False
Is 19314761647 a composite number?
False
Is 610122991 prime?
True
Is 17000795947 a prime number?
False
Is 9513476759 prime?
False
Is 312816421 a prime number?
True
Is 235321561 a prime number?
False
Is 6349280473 a composite number?
False
Is 16279415303 composite?
True
Is 4243543877 a prime number?
True
Is 587131841 a composite number?
True
Is 68429072606 composite?
True
Is 392634973403 prime?
True
Is 26989364363 a prime number?
False
Is 690128939 prime?
False
Is 82645339297 composite?
True
Is 1837424373 composite?
True
Is 9172144591 a composite number?
False
Is 38560751 prime?
True
Is 597885311 a prime number?
True
Is 6317014391 a composite number?
False
Is 696866767 a composite number?
False
Is 21497872411 composite?
True
Is 9711232607 a composite number?
False
Is 950748937 prime?
False
Is 540229228283 a prime number?
False
Is 21795641573 prime?
True
Is 192251400287 a composite number?
False
Is 164266354279 composite?
False
Is 249068257 prime?
True
Is 62763529611 a composite number?
True
Is 85683066817 a prime number?
False
Is 11629601 a composite number?
True
Is 1104856087 composite?
True
Is 1602292229 prime?
True
Is 1925431097 a composite number?
True
Is 10080772151 a composite number?
False
Is 1914439079 prime?
False
Is 830754887 a composite number?
False
Is 8807632831 a composite number?
False
Is 107740931 a prime number?
False
Is 285397061 composite?
False
Is 355404032693 composite?
False
Is 867876293 composite?
False
Is 12139606367 a composite number?
True
Is 283217609867 a composite number?
True
Is 4360671097 a pri